{"id":29355,"date":"2025-09-09T11:35:37","date_gmt":"2025-09-09T11:35:37","guid":{"rendered":"https:\/\/pharmadeals.com\/?page_id=29355"},"modified":"2025-09-09T11:35:38","modified_gmt":"2025-09-09T11:35:38","slug":"disclaimer","status":"publish","type":"page","link":"https:\/\/pharmadeals.com\/?page_id=29355","title":{"rendered":"Disclaimer"},"content":{"rendered":"\n<p>\ud83d\udcd1 Disclaimer (English + French)<\/p>\n\n\n\n<ol class=\"wp-block-list\">\n<li>General Information<\/li>\n<\/ol>\n\n\n\n<p>English:<br>The information on this website is provided for general informational purposes only. We make no warranties about the accuracy, reliability, or completeness of the content.<\/p>\n\n\n\n<p>Fran\u00e7ais :<br>Les informations pr\u00e9sent\u00e9es sur ce site Web sont fournies uniquement \u00e0 titre informatif. Nous ne garantissons pas l\u2019exactitude, la fiabilit\u00e9 ou l\u2019exhaustivit\u00e9 du contenu.<\/p>\n\n\n\n<ol start=\"2\" class=\"wp-block-list\">\n<li>Product Representation<\/li>\n<\/ol>\n\n\n\n<p>English:<br>Product images and descriptions are for illustrative purposes. Actual products may differ slightly.<\/p>\n\n\n\n<p>Fran\u00e7ais :<br>Les images et descriptions des produits sont pr\u00e9sent\u00e9es \u00e0 titre illustratif. Les produits r\u00e9els peuvent diff\u00e9rer l\u00e9g\u00e8rement.<\/p>\n\n\n\n<ol start=\"3\" class=\"wp-block-list\">\n<li>Limitation of Liability<\/li>\n<\/ol>\n\n\n\n<p>English:<br>We are not liable for any damages, losses, or issues arising from use of our website or products. Your use of our services is at your own risk.<\/p>\n\n\n\n<p>Fran\u00e7ais :<br>Nous ne sommes pas responsables des dommages, pertes ou probl\u00e8mes d\u00e9coulant de l\u2019utilisation de notre site Web ou de nos produits. L\u2019utilisation de nos services est \u00e0 vos risques et p\u00e9rils.<\/p>\n\n\n\n<ol start=\"4\" class=\"wp-block-list\">\n<li>External Links<\/li>\n<\/ol>\n\n\n\n<p>English:<br>Our website may contain links to third-party websites. We are not responsible for their content, practices, or policies.<\/p>\n\n\n\n<p>Fran\u00e7ais :<br>Notre site Web peut contenir des liens vers des sites Web tiers. Nous ne sommes pas responsables de leur contenu, de leurs pratiques ou de leurs politiques.<\/p>\n","protected":false},"excerpt":{"rendered":"<p>\ud83d\udcd1 Disclaimer (English + French) English:The information on this website is provided for general informational purposes only. We make no<\/p>\n","protected":false},"author":2,"featured_media":0,"parent":0,"menu_order":0,"comment_status":"closed","ping_status":"closed","template":"","meta":{"footnotes":""},"class_list":["post-29355","page","type-page","status-publish","hentry"],"_links":{"self":[{"href":"https:\/\/pharmadeals.com\/index.php?rest_route=\/wp\/v2\/pages\/29355","targetHints":{"allow":["GET"]}}],"collection":[{"href":"https:\/\/pharmadeals.com\/index.php?rest_route=\/wp\/v2\/pages"}],"about":[{"href":"https:\/\/pharmadeals.com\/index.php?rest_route=\/wp\/v2\/types\/page"}],"author":[{"embeddable":true,"href":"https:\/\/pharmadeals.com\/index.php?rest_route=\/wp\/v2\/users\/2"}],"replies":[{"embeddable":true,"href":"https:\/\/pharmadeals.com\/index.php?rest_route=%2Fwp%2Fv2%2Fcomments&post=29355"}],"version-history":[{"count":1,"href":"https:\/\/pharmadeals.com\/index.php?rest_route=\/wp\/v2\/pages\/29355\/revisions"}],"predecessor-version":[{"id":29356,"href":"https:\/\/pharmadeals.com\/index.php?rest_route=\/wp\/v2\/pages\/29355\/revisions\/29356"}],"wp:attachment":[{"href":"https:\/\/pharmadeals.com\/index.php?rest_route=%2Fwp%2Fv2%2Fmedia&parent=29355"}],"curies":[{"name":"wp","href":"https:\/\/api.w.org\/{rel}","templated":true}]}}